 = -b**2 + 2*b - 4. Suppose 5*t - 7 = 3. Let r = t - -1. What is z(r)?
-7
Let z(h) be the second derivative of -h**4/12 - 4*h**3/3 - 7*h**2/2 + 6*h. Let t = 1 - 8. Calculate z(t).
0
Let x(z) = 3*z**2 - z - 14. Let p(m) = 10*m**2 - 3*m - 42. Let u(h) = 2*p(h) - 7*x(h). Determine u(0).
14
Let j = 15 - 7. Suppose -k + p = -4, -4*k = p + p + j. Let f(i) = i**2 + k + i**3 - 5*i**2 + 1 - 6*i. Determine f(5).
-4
Let i be (-2 - -2)*(-28 - -29). Let a(v) be the first derivative of v**4/4 + 5*v + 1. What is a(i)?
5
Let b(z) = 2 - 5 + 1 + 4 + 3*z. Give b(2).
8
Let c(d) = -d**2 - 8*d - 5. Let n be (-45)/6 - (-1)/2. Calculate c(n).
2
Let p be -2 + 0 + ((-2)/1 - -1). Let b(r) = r. Let q(s) = 2*s**2 + 9*s + 2. Let k(y) = -4*b(y) + q(y). What is k(p)?
5
Let q(f) = -f**2 - 7*f. Let m be q(-6). Let h(b) = b - 3 - m + 1. Suppose 4*w + 4*z - 8 = 0, 7 = 2*z + 3. What is h(w)?
-8
Let w(r) be the second derivative of -r**5/60 + r**4/12 + r**3/6 + 2*r**2 - 2*r. Let q(i) be the first derivative of w(i). Calculate q(4).
-7
Suppose -6*g + 3*g - 2*t - 11 = 0, 0 = 3*g - t + 8. Let w(a) = -1 + 1 - a + 1. Give w(g).
4
Let i(p) be the third derivative of -p**7/1260 - p**6/240 + p**5/30 + p**2. Let h(z) be the third derivative of i(z). Determine h(-2).
5
Suppose 16 = 3*i - 2. Let l(v) = -v + 0*v + i*v - 3 - 4*v. Suppose -2*k + 0*k = 0. Give l(k).
-3
Let v(h) be the second derivative of -h**3/3 - h. Let j = -2 + -4. Let b = j + 5. Give v(b).
2
Let n be 2/(-8) - (-76)/(-16). Let d(y) = -y + 1. Let f(x) = -7*x**2 - 6*x + 5. Suppose 0 = -0*r + 2*r - 2. Let a(b) = n*d(b) + r*f(b). Calculate a(-1).
-6
Let s(x) = 2*x + 9. Let d(g) = 5*g + 19. Let n(h) = 3*d(h) - 7*s(h). Let f be n(2). Let r(v) = -v**2 - 3*v + 2. Give r(f).
-2
Let i = 12 + -15. Let a(n) = -n. Determine a(i).
3
Let a(c) = 0 - 7*c + 4*c + 2. Calculate a(2).
-4
Let a(s) = -4*s**2 + 3*s + 0*s + 3*s**2 + 4 - 7*s. Give a(-4).
4
Let x(z) be the second derivative of -11*z**3/6 + z**2/2 - 43*z. Calculate x(-1).
12
Let a(f) = f**3 - 3*f**2 + f + 1. Let g be (2/((-6)/9))/(-1). Calculate a(g).
4
Let u(i) be the third derivative of -i**8/20160 + i**7/1008 - i**6/360 - i**5/60 + i**2. Let t(h) be the third derivative of u(h). Calculate t(2).
4
Let z(c) = 2 - 2*c**3 - 23*c + c**2 + 23*c. Determine z(2).
-10
Suppose -5*g + 3*d + 48 = 0, g + 3*d - 14 = 8*d. Let c(f) = -3 + g - 3 - 1 + f. What is c(-3)?
-1
Suppose 3*z = 33 - 45. Let q(y) = y**2 + 4*y - 1. Determine q(z).
-1
Let i(y) = -10*y. Let z be (-6)/8 + (-40)/32. Let p be 2 + z - -3 - 4. What is i(p)?
10
Suppose 4*j - 3*i - 2*i = -39, 0 = 3*j - 5*i + 33. Let m(q) = q**3 + 6*q**2 + 2*q + 8. What is m(j)?
-4
Let v be (-2)/15 + (-4)/(-30). Let t(i) = 0*i - i - 3*i + 5*i. Calculate t(v).
0
Let w(z) = -z**2 - 3*z + 3. Let q = -3 + 2. Let i = q - 4. Let g be 1/i + (-22)/(-10). What is w(g)?
-7
Let u(n) = -n**3 - 2*n**2 + 3. Suppose -6 = 3*g - 3*s - 0, -4 = 4*s. What is u(g)?
12
Let a = 18 + -17. Let g be (1/(-2))/((-3)/12). Let o(p) = 0*p**g + 2*p**2 + p**3 + 3*p**3 - p. Give o(a).
5
Suppose -6*c + 4*c = 2*b - 18, -27 = -4*b - c. Let m(t) = t**2 - 6*t + 1. Give m(b).
1
Suppose 15 = 2*l + 3*x, -5*l + 3*x + 2 + 4 = 0. Let m be (-8)/l*(-3)/2. Let c(h) = -3*h. Let f(a) = 1. Let v(u) = c(u) + 3*f(u). Give v(m).
-9
Let f(m) = 2*m - 2. Let u be f(2). Suppose -j + u = -0*j. Let k(s) = -j + s + 7 + 3. What is k(-5)?
3
Let s(q) = -q**2 - 5*q + 65 + 0*q - 58. What is s(-7)?
-7
Let c(l) = -2*l**2 + 3*l - 2. Let z be (104/(-182))/(0 - (-2)/(-14)). Calculate c(z).
-22
Let o(i) = i - 10. Let k be o(12). Let m(w) be the second derivative of 2*w**2 + 0 - 1/20*w**5 + 0*w**3 - 5/12*w**4 - k*w. Determine m(-5).
4
Suppose -3 = 2*u - 7. Let p(a) = u*a + 5 - 2 - a - 1. What is p(3)?
5
Let f(m) be the first derivative of 0*m - 4 + 4*m**3 - 1/2*m**2. What is f(1)?
11
Suppose 73*h = 71*h - 20. Let t(w) = 2*w + 15. Give t(h).
-5
Let g(x) be the first derivative of -x**5/15 - x**4/24 + 5*x**2/2 - 1. Let h(a) be the second derivative of g(a). Give h(-2).
-14
Let m(q) be the third derivative of 0 + 0*q + q**2 - 1/24*q**4 + q**3. Suppose -4*l + 33 - 9 = 0. What is m(l)?
0
Let s(f) be the second derivative of f**4/4 + f**3/3 + f**2/2 - f. Suppose -4*y - 72 = -0*j + 4*j, 3*j + 76 = -4*y. Let t = -23 - y. Determine s(t).
2
Let m(c) = -4 - 3*c - 13 + 17. Give m(3).
-9
Let c = -6 - -12. Let f(w) = 2 + c - 9 + 0*w + w. Give f(6).
5
Let a(t) = -9*t**3 + 7*t**2 - 6*t + 5. Let p(x) = 10*x**3 - 6*x**2 + 5*x - 4. Let f(l) = 4*a(l) + 5*p(l). Determine f(1).
13
Let i(y) = -8*y + 9. Let h be i(8). Let a be 10/h - (-92)/22. Let o(v) = -3*v**2 - 8*v**2 - v**3 + 7*v**2 - a*v - 1. Give o(-3).
2
Suppose -i - 5*u + 22 = 0, 0 = 4*i + 3*u - 10 - 10. Let t(r) = -3*r**2 + 3 + i*r**2 + 2*r + 0*r. Give t(-2).
-5
Let c be (-12)/2*(-92)/69. Let d(v) = -v**2 + 8*v - 9. What is d(c)?
-9
Let f be ((-27)/45)/(1/(-5)). Let t(y) be the second derivative of -y**3/3 - y**2/2 - 8*y. Calculate t(f).
-7
Let c(n) be the third derivative of n**5/60 - 5*n**4/24 + 2*n**3/3 + 10*n**2. Calculate c(4).
0
Let b = -35 - -32. Let l(p) = p + 2. Calculate l(b).
-1
Let k(p) = -p**2 + 7*p - 1. Let a(w) be the third derivative of w**5/60 + w**4/12 - w**3/2 + 2*w**2. Let s be a(2). What is k(s)?
9
Let z(n) = n**3 + 3*n**2 - n + 3. Suppose -18 = 2*h + 64. Let d = h + 15. Let k be (-1)/(-4) - d/(-8). Determine z(k).
6
Let f(z) be the second derivative of z**7/2520 - z**6/180 + z**5/40 + z**4/6 + 2*z. Let h(c) be the third derivative of f(c). What is h(2)?
-1
Let m(x) = x - 13. Let s = 13 - 16. Let l(b) = 12. Let z(v) = s*m(v) - 4*l(v). Calculate z(-6).
9
Let k(i) = i**3 - 3*i**2 + 2*i - 2. Let x be k(3). Let s(u) be the third derivative of u**4/24 - 5*u**3/6 + u**2 + 6. What is s(x)?
-1
Let f(p) = 3*p**3 - p**2 - 4*p + 6. Let h(s) = 13*s**3 - 3*s**2 - 16*s + 25. Let y be 4 - (3 + 3/(-3)). Let c(k) = y*h(k) - 9*f(k). What is c(4)?
-4
Let r(w) be the first derivative of -w**2/2 + 4*w - 3. What is r(-3)?
7
Let w = 7 + -5. Suppose 0 = -3*x + w*g - 4, -4 - 2 = x + 4*g. Let k(y) = 4*y**2 + 3 - 1 + 3*y + 2*y**3 - y**3. What is k(x)?
4
Let p(m) = m + 4. Let v be p(-5). Let k(n) = -2 + 3 - 3*n - n. What is k(v)?
5
Let d(m) be the third derivative of -m**4/24 + m**3/6 - 10*m**2. Give d(-7).
8
Let q(k) = k**2 + 8*k + 5. Let o(m) = m**2 + 9*m + 5. Let l(h) = -2*o(h) + 3*q(h). Determine l(-6).
5
Let z(o) = 16*o**2 - 9*o - 7*o**2 - 3 - 6*o**2 - 4*o**2. Give z(-8).
5
Let z(m) be the third derivative of -m**6/120 - m**5/15 + 5*m**4/24 + 2*m**3/3 + 4*m**2. Determine z(-5).
4
Let q = -20 + 20. Let s(x) be the first derivative of x**4/4 + x**2/2 + 2*x - 1. What is s(q)?
2
Let a(f) = -f**3 + 3*f**2 - 2*f - 2. Let g be a(2). Let v(s) = -s**3 - s**2 + 1. Let y be v(g). Let k(l) = -y*l + 4*l - 3*l - 4 + l**2. Calculate k(3).
-7
Let w = -6 - -5. Let r(n) be the first derivative of 1/2*n**2 + 1 + 0*n. Give r(w).
-1
Suppose 2*j = 3*j - 6. Let f(g) = -g**3 + 5*g**2 + 5*g - 8. Determine f(j).
-14
Let v(m) = -m**2 + 4*m. Suppose r - 5*b = -12, 5*b - 3 = 2*r + 2*b. Give v(r).
3
Suppose 2 = -2*v + 2*m, 3*v + 20 = -2*m - 8. Let i(p) = -p**3 - 8*p**2 + 5. Let k(s) = -s**2 - s + 1. Let b(t) = i(t) - 2*k(t). Determine b(v).
-9
Let j(n) = -n**2 - 2*n. Suppose 2*c + 5 = 1. Determine j(c).
0
Let k(j) = j - 2. Let a be k(6). Let h(t) = 7*t**2 - 6*t + 1. Let p(v) = 20*v**2 - 18*v + 3. Let d(r) = -17*h(r) + 6*p(r). Calculate d(a).
-7
Let u(p) = -p**2 + 6*p + 5. Let r be u(6). Let b(d) = d - 5. Give b(r).
0
Let c(j) = j**3 - 4*j**2 + 3. Let x be c(4). Let m(h) = -7*h + 4*h + h - x + 6*h. Determine m(3).
9
Let r = -28 + 24. Let f(a) = a**2 + 4*a + 1. Give f(r).
1
Let t(g) = g**2 - 4. Let r be ((-3)/2)/(6/12). What is t(r)?
5
Let d(h) be the second derivative of -h**4/12 - 3*h**2 - h. Let y(f) = -f. Let w be y(-3). Let u = w - 3. Give d(u).
-6
Let q(f) be the second derivative of -f**5/120 + f**4/4 - 4*f**3/3 - 8*f. Let p(r) be the second derivative of q(r). What is p(4)?
2
Let p(b) be the second derivative of -b + 1/4*b**4 + 0 - 1/20*b**5 - 1/2*b**2 + 1/6*b**3. Let t be -1 + ((-2)/(-2) - -2). What is p(t)?
5
Let v(j) = j**3 + 4*j**2 - 4*j + 3. Let k = -51 - -46. Determine v(k).
-2
Let k(o) = o**2 - o + 7. Let f(n) = -n**2 - 6. Let v(p) = -4*f(p) - 3*k(p). Suppose -a = -0*a + 2. What is v(a)?
1
Let r be -4 - 